6). Suppose -3*z + 231 = 3*q, -3*z + 2*q + l = -z. Suppose -d - z = -2*d. List the prime factors of d.
2, 5
Suppose -t + 27 - 11 = 0. Let v = t - -14. Let u = v + -26. List the prime factors of u.
2
Let z = -33 - -36. Suppose -70 = -d - 4*f, -z*d - 2*d = -4*f - 374. List the prime factors of d.
2, 37
Let g = 608 - 300. What are the prime factors of g?
2, 7, 11
Suppose 2*b - 20 = -2*b. Suppose 0 = -b*u + 127 + 113. What are the prime factors of u?
2, 3
Suppose 0 = -3*s - s + 116. Let c = 49 - s. Suppose 4*q - c = 3*q. List the prime factors of q.
2, 5
Suppose 3*p = -b - 8, 5*p = -5 - 10. What are the prime factors of (2*-1 - b)*(-148)/12?
37
Suppose 5 = 4*v - 3. Suppose f - 3*j = -2*j - v, -4*j = -3*f - 1. Let c = 42 - f. What are the prime factors of c?
7
Suppose 0*i = -5*i + 15. Let a(o) = 5*o**3 - 3*o**3 - 3*o**i. What are the prime factors of a(-2)?
2
Suppose 0 = -813*f + 815*f - 4742. List the prime factors of f.
2371
Suppose -5*f + 7*f = 756. List the prime factors of f.
2, 3, 7
Let w = 391 + -256. What are the prime factors of w?
3, 5
What are the prime factors of (-18)/48 + 3 + (-28460)/(-32)?
2, 223
Let a = 7 + -2. Suppose -d = 5*b - 0*d - 11, 0 = b - 5*d - 23. Suppose a*x + 2*y = -3*y + 35, -b*y + 11 = x. List the prime factors of x.
5
Suppose 13*b - 56 = 61. Let t(x) be the first derivative of x**3/3 - 3*x**2/2 - 12*x + 1. What are the prime factors of t(b)?
2, 3, 7
Let i = -78 + 351. List the prime factors of i.
3, 7, 13
Let y(b) = -b**2 - 9*b + 6. Let o be y(-11). Let k = 30 - o. List the prime factors of k.
2, 23
Suppose i - 509 + 79 = 0. List the prime factors of i.
2, 5, 43
Suppose 2110*p = 2113*p - 5289. What are the prime factors of p?
41, 43
Let p = -141 + 136. What are the prime factors of (p/(45/(-21)))/((-5)/(-495))?
3, 7, 11
Suppose 0 = -3*s + 4*s - 4. Let l(y) = 3*y**2 - 7*y + 4. Let u be l(s). Suppose -67 = -25*d + u*d. List the prime factors of d.
67
Let d(c) = -c**3 + 8*c**2 + 8*c + 9. Let o be d(9). Suppose -305 = -5*k - o*k. What are the prime factors of k?
61
Let o(i) = -i + 27. Suppose 3*s = -4*a + 46, -4*s + 17 = a - 27. List the prime factors of o(s).
17
Let l = 354 + -100. Suppose -5*p + 3*x + 316 = -0*p, -4*p + 3*x = -l. List the prime factors of p.
2, 31
Let l be 2/13 + (-56869)/(-377). Suppose 6 = -x + 4*x. Suppose 0 = 3*n - x*k - 206, l = 5*n + k - 201. List the prime factors of n.
2, 5, 7
Let n = -1540 + 2241. List the prime factors of n.
701
Let k = -11 + 13. Suppose 0 = -k*p + 5*a + 22, 2*a + 5 = 1. List the prime factors of ((-2)/(-3))/(p/333).
37
Let r(z) be the first derivative of -z**2/2 + 11*z + 9. Let n be r(9). Suppose -136 = -2*q - 2*f, n*q = -4*f + f + 135. What are the prime factors of q?
3, 23
Let y be (-1)/11*2 - 4020/(-330). Suppose y*h - 3096 = -6*h. List the prime factors of h.
2, 43
Let x be 1 + -21*(-4 + 2). Let t = x + -30. Let r(s) = -s**2 + 16*s - 6. List the prime factors of r(t).
3, 11
Suppose 0 = 7*t - 5*t + 210. Let j(z) = 13*z + 3. Let d be j(-6). Let r = d - t. List the prime factors of r.
2, 3, 5
Let h(a) = 5*a + 1. Suppose -4*g - 3*j = -9, 1 = g - j - 3. Suppose -g*n + 16 + 8 = 0. What are the prime factors of h(n)?
41
Suppose -3*p + 2*o - 6*o = -10544, -10556 = -3*p - o. What are the prime factors of p?
2, 5, 11
Suppose -u - 4*u + 3*a + 36 = 0, -3*u + 4*a = -26. Suppose 4 = -d + u. Suppose 5*n + 5*m = 100, d*n - 4*m = -0*m + 46. List the prime factors of n.
3, 7
Suppose w = -3 + 1. Let k = 350 + -368. Let j = w - k. List the prime factors of j.
2
Let s(r) = r + 19. Let t be s(-16). Suppose z - 2*l - 3*l - 26 = 0, -t*z - 3*l + 60 = 0. List the prime factors of z.
3, 7
Suppose -4*z - 80 = -640. Suppose 0 = d - 49 - z. List the prime factors of d.
3, 7
Let f(h) = 14*h - 4. Let l be f(5). Suppose -b + 2*a - 39 = 0, 51 = -b - 9*a + 7*a. Let d = b + l. What are the prime factors of d?
3, 7
Suppose -5748 = -25*x + 13*x. List the prime factors of x.
479
Let l = 38 - 21. Let x = l - 17. Suppose x*h - 2*h = -128. List the prime factors of h.
2
Suppose 12 = -2*h + 18. Suppose h*g = t + 814, -3*g - 3*t + 794 = t. Suppose -8*p + 3*p + g = 0. What are the prime factors of p?
2, 3
Suppose 3*l = 3*y - 750, 3*l - 266 = -3*y + 2*y. Suppose -3*g - y = 4*m, -2*m + 7*m - g = -327. Let r = -37 - m. What are the prime factors of r?
2, 7
Let j be ((-1)/3)/(7/21). What are the prime factors of (j/2)/((-6)/1236)?
103
Let z = 97 + -125. Let x(d) = -70*d**2 + d + 1. Let c be x(-1). Let s = z - c. List the prime factors of s.
2, 3, 7
Suppose -2*i + 5*v + 336 = -0*i, -704 = -4*i + 2*v. What are the prime factors of i?
2, 89
Let f be 18*5/(30/(-8)). Suppose -25 = -j + 4*v, -2*j - 3*v = -5*j + 102. Let g = f + j. What are the prime factors of g?
13
Suppose 3*c + 24 = -s, -3*s - 139 = 2*s - 4*c. Let d = 35 + s. List the prime factors of d.
2
Let r be ((-23)/(-1))/(3 - 2). Suppose -2*k + 37 = -r. Suppose -k = 4*v - 142. List the prime factors of v.
2, 7
Suppose 997 = 8*f - 5331. List the prime factors of f.
7, 113
Let h(v) = 99*v + 2. List the prime factors of h(1).
101
Let m(c) = -96*c + 13. What are the prime factors of m(-3)?
7, 43
Let x be (14 - 16)*(-6)/4. Let y be 30/9*x*6. List the prime factors of y - (-1 - (-2 - -1)).
2, 3, 5
Let v be 4/(-12) - (-88)/(-6). List the prime factors of 8/20 - 774/v.
2, 13
Let t(a) = a**3 + a**2 - 2*a + 1. Let q be t(-2). Let n(o) = 7*o + 58. Let y be n(-6). Let l = y - q. List the prime factors of l.
3, 5
Let k(p) = -p + 17. Let x be k(15). Let m be x/(-3)*(-17 - -14). Suppose m*v + 114 = 4*v. List the prime factors of v.
3, 19
Let o = -74 - -94. Suppose -h = 3*q - 91, 2*h - 3*q - 211 = -o. List the prime factors of h.
2, 47
What are the prime factors of (-82 + 2)*2*441/(-45)?
2, 7
Suppose p + u = 61 + 54, u - 563 = -5*p. Let w = p - 77. Let x = -16 + w. What are the prime factors of x?
19
Let d(o) = -9*o**3 - 4*o**2 - 4*o - 8. List the prime factors of d(-4).
2, 5, 13
Let r be 11 - ((-2 - 1) + 2). List the prime factors of -24*((-52)/r + 3).
2
Let z be 1*(-6)/(-4)*2. Suppose 5*v - 26 = -3*t, -2 - 10 = 4*t - 5*v. Suppose t*q + z*b - 95 = 0, 0 = -2*q - 3*q - b + 244. What are the prime factors of q?
7
Let l = -136 - -386. What are the prime factors of l?
2, 5
Suppose 0 = 5*m - 5, 0*x + m + 1 = x. Let f(t) = 17*t - 4 + 18*t - 3*t - 5*t. List the prime factors of f(x).
2, 5
Let k(j) = j**2 + 9*j - 4. Let d(y) = -y**2 - 9*y + 5. Let x(m) = -4*d(m) - 5*k(m). Let v be x(-9). Suppose v = c + 3*c - 72. List the prime factors of c.
2, 3
Let f = 3155 + -550. What are the prime factors of f?
5, 521
Let a(m) = m**3 + 4*m**2 + 16*m + 0*m**2 - 6*m. Let k(h) = -5*h**3 - 15*h**2 - 40*h. Let c(t) = 9*a(t) + 2*k(t). List the prime factors of c(7).
3, 7
Suppose -15*p + 9 + 66 = 0. List the prime factors of p.
5
Let m(v) = -19*v + 7. Let l be m(-5). Let b be (l/(-3))/(3 - 5). Suppose -n + b = -4. List the prime factors of n.
3, 7
Let q be (-51)/(-34) + (2 - (-3)/2). Suppose -r - q = -49. List the prime factors of r.
2, 11
Let m = 4 + -7. Let i = 31 - m. List the prime factors of i.
2, 17
Suppose -1109 = -5*r - z, -3*z + 233 = 2*r - r. List the prime factors of r.
13, 17
Let w = -88 - -561. What are the prime factors of w?
11, 43
Suppose 2*f = -6, -3*g = 2*f + 2*f + 18. List the prime factors of (3/(-3)*2)/(g/89).
89
Suppose 13*r - 9010 = 844. What are the prime factors of r?
2, 379
Let i(o) = -89*o - 15. List the prime factors of i(-1).
2, 37
Let k(u) = -14*u**3 - 23*u**2 + 7*u + 15*u**3 + 8*u**2. Let a be k(15). Let o = a + -72. List the prime factors of o.
3, 11
Let a = 28 - 27. Let k(f) = a - 3*f - 2 + 8. What are the prime factors of k(-15)?
2, 13
List the prime factors of (-2)/(-10) + (-5)/125*-11295.
2, 113
Let o = 2503 - -1268. What are the prime factors of o?
3, 419
Suppose -1864 = -5*a + 2*n, 0 = a + 2*n - 7*n - 359. List the prime factors of a.
2, 11, 17
Suppose 14*y = 13*y + 1310. What are the prime factors of y?
2, 5, 131
Suppose 0*k + 8*k = 416. Let u = k + -50. List the prime factors of u.
2
Let m be -5*(0 + (-4)/10). Suppose 3*t = -m*t + 25. Suppose -t - 69 = -4*y - 2*i, 3*y = i + 63. What are the prime factors of y?
2, 5
Suppose -11*p + 31809 = 9666. List the prime factors of p.
3, 11, 61
Let z(q) = 65*q + 27. Let x be z(11). Suppose -10*i = -x - 1198. List the prime fa